{"id":171,"date":"2021-08-22T16:32:10","date_gmt":"2021-08-22T14:32:10","guid":{"rendered":"https:\/\/le-chat-solitaire.com\/?page_id=171"},"modified":"2021-08-27T22:38:12","modified_gmt":"2021-08-27T20:38:12","slug":"avant-toute-chose","status":"publish","type":"page","link":"https:\/\/le-chat-solitaire.com\/index.php\/avant-toute-chose\/","title":{"rendered":"Avant toute chose"},"content":{"rendered":"\n<p>Bonjour \u00e0 toutes et \u00e0 tous, et, si cela n&rsquo;a pas d\u00e9j\u00e0 \u00e9t\u00e9 fait, bienvenue dans la caverne du chat solitaire !<\/p>\n\n\n\n<p>Ici, on parle de jeux.<\/p>\n\n\n\n<p>Mais pas de n&rsquo;importe quels jeux : on parle de jeux de plateau.<\/p>\n\n\n\n<p>Mais pas de n&rsquo;importe quels jeux de plateau : on parle de jeux de plateau qui se jouent en solo !<\/p>\n\n\n\n<p>Mais pas de n&rsquo;importe quels jeux de plateau qui se joueut en solo : on parle de jeux de plateau qui se jouent en solo et qui sont bons dans cette configuration !<\/p>\n\n\n\n<p>Enfin, qui sont suppos\u00e9s l&rsquo;\u00eatre&#8230;<\/p>\n\n\n\n<p>Bref, voici un blog sur les jeux de plateau en solo. Encore un, oui. Peut-\u00eatre en connaissez-vous d\u00e9j\u00e0 plein d&rsquo;autres. Mais ce n&rsquo;est pas un souci puisque chacun a sa raison d&rsquo;\u00eatre. <\/p>\n\n\n\n<p>Pour en savoir plus sur ce site, deux possibilit\u00e9s : vous vous en allez explorer comme un.e grand.e en vous arr\u00eatant pour lire ce que vous avez envie de lire. Sinon, vous pouvez consacrer quelques minutes \u00e0 la pr\u00e9sentation qui va suivre.<\/p>\n\n\n\n<p><\/p>\n\n\n\n<p class=\"has-large-font-size\"><strong>Les personnages<\/strong><\/p>\n\n\n\n<p>Des personnages sur un site ? Qu&rsquo;est-ce que \u00e7a veut dire ? Eh bien simplement que je ne suis pas tout \u00e0 fait seul dans la caverne. Quelques amis m&rsquo;aident \u00e0 entretenir le lieu. Les voici d&rsquo;ailleurs :<\/p>\n\n\n\n<div class=\"wp-block-media-text alignwide is-stacked-on-mobile\" style=\"grid-template-columns:15% auto\"><figure class=\"wp-block-media-text__media\"><img loading=\"lazy\" decoding=\"async\" width=\"494\" height=\"660\" src=\"http:\/\/le-chat-solitaire.com\/wp-content\/uploads\/2021\/08\/Sinatrash.jpg\" alt=\"\" class=\"wp-image-225 size-full\" srcset=\"https:\/\/le-chat-solitaire.com\/wp-content\/uploads\/2021\/08\/Sinatrash.jpg 494w, https:\/\/le-chat-solitaire.com\/wp-content\/uploads\/2021\/08\/Sinatrash-225x300.jpg 225w\" sizes=\"auto, (max-width: 494px) 100vw, 494px\" \/><\/figure><div class=\"wp-block-media-text__content\">\n<p class=\"has-text-color has-medium-font-size\" style=\"color:#009adc\">\u00ab\u00a0Salut !\u00a0\u00bb<\/p>\n<\/div><\/div>\n\n\n\n<div class=\"wp-block-media-text alignwide has-media-on-the-right is-stacked-on-mobile is-vertically-aligned-center has-text-color\" style=\"color:#e40209;grid-template-columns:auto 15%\"><figure class=\"wp-block-media-text__media\"><img loading=\"lazy\" decoding=\"async\" width=\"494\" height=\"660\" src=\"http:\/\/le-chat-solitaire.com\/wp-content\/uploads\/2021\/08\/Keuroline.jpg\" alt=\"\" class=\"wp-image-256 size-full\" srcset=\"https:\/\/le-chat-solitaire.com\/wp-content\/uploads\/2021\/08\/Keuroline.jpg 494w, https:\/\/le-chat-solitaire.com\/wp-content\/uploads\/2021\/08\/Keuroline-225x300.jpg 225w\" sizes=\"auto, (max-width: 494px) 100vw, 494px\" \/><\/figure><div class=\"wp-block-media-text__content\">\n<p class=\"has-text-align-right has-medium-font-size\">\u00ab\u00a0Hello tout le monde. Ravie de faire votre connaissance !\u00a0\u00bb<\/p>\n<\/div><\/div>\n\n\n\n<p>Je vous sens un peu surpris, je vous explique donc. Sinatrash et K&rsquo;euroline sont tous deux des passionn\u00e9s de jeux, autant que moi. Sauf que leurs go\u00fbts oppos\u00e9s leur valent parfois quelques confrontations, chacun consid\u00e9rant l&rsquo;autre comme un.e ignare. Mais rassurez-vous, afin de conserver une bonne ambiance dans la caverne, tous deux sont intim\u00e9s de r\u00e9soudre leurs affaires en priv\u00e9.<\/p>\n\n\n\n<p>Quoi qu&rsquo;il en soit, je les laisse se pr\u00e9senter \u00e0 vous.<\/p>\n\n\n\n<div class=\"wp-block-media-text alignwide is-stacked-on-mobile\" style=\"grid-template-columns:15% auto\"><figure class=\"wp-block-media-text__media\"><img loading=\"lazy\" decoding=\"async\" width=\"494\" height=\"660\" src=\"http:\/\/le-chat-solitaire.com\/wp-content\/uploads\/2021\/08\/Sinatrash.jpg\" alt=\"\" class=\"wp-image-225 size-full\" srcset=\"https:\/\/le-chat-solitaire.com\/wp-content\/uploads\/2021\/08\/Sinatrash.jpg 494w, https:\/\/le-chat-solitaire.com\/wp-content\/uploads\/2021\/08\/Sinatrash-225x300.jpg 225w\" sizes=\"auto, (max-width: 494px) 100vw, 494px\" \/><\/figure><div class=\"wp-block-media-text__content\">\n<p class=\"has-text-color has-medium-font-size\" style=\"color:#0093d2\">\u00ab\u00a0Merci, le chat. Alors moi c&rsquo;est Sinatrash, et je ne vais pas y aller par quatre chemins : ce que j&rsquo;aime, c&rsquo;est les jeux th\u00e9matiques ! Plus il y a de la figouze, plus il y a de d\u00e9s et de monstres \u00e0 poutrer, plus je jubile ! Pas grave si la partie dure des heures et que la bo\u00eete p\u00e8se plus de dix kilos, si c&rsquo;est le moyen de vivre la grande aventure, alors je suis partant ! Bien entendu, le hasard ne me d\u00e9range pas. Parce que sans impr\u00e9vus, il n&rsquo;y a rien d&rsquo;\u00e9pique. Une chose est s\u00fbre, personne ne me verra perdre mon temps devant un jeu \u00e0 l&rsquo;allemande !\u00a0\u00bb<\/p>\n<\/div><\/div>\n\n\n\n<div class=\"wp-block-media-text alignwide has-media-on-the-right is-stacked-on-mobile\" style=\"grid-template-columns:auto 15%\"><figure class=\"wp-block-media-text__media\"><img loading=\"lazy\" decoding=\"async\" width=\"494\" height=\"660\" src=\"http:\/\/le-chat-solitaire.com\/wp-content\/uploads\/2021\/08\/Keuroline.jpg\" alt=\"\" class=\"wp-image-256 size-full\" srcset=\"https:\/\/le-chat-solitaire.com\/wp-content\/uploads\/2021\/08\/Keuroline.jpg 494w, https:\/\/le-chat-solitaire.com\/wp-content\/uploads\/2021\/08\/Keuroline-225x300.jpg 225w\" sizes=\"auto, (max-width: 494px) 100vw, 494px\" \/><\/figure><div class=\"wp-block-media-text__content\">\n<p class=\"has-text-align-left has-text-color has-medium-font-size\" style=\"color:#db0004\">\u00ab\u00a0De mon c\u00f4t\u00e9, c&rsquo;est K&rsquo;euroline. Et contrairement \u00e0 mon coll\u00e8gue, je n&rsquo;ai pas d&rsquo;attrait particulier pour les cr\u00e9atures \u00e0 douze tentacules et les \u00e9p\u00e9es en flammes. Le th\u00e8me n&rsquo;est d&rsquo;ailleurs pas d&rsquo;une grande importance pour moi, du moment que je peux exercer mon esprit au travers d&rsquo;un d\u00e9fi passionnant. J&rsquo;aime planifier, trouver les combinaisons infaillibles et progresser de partie en partie. Le hasard n&rsquo;est pas ma tasse de th\u00e9, mais je le tol\u00e8re du moment qu&rsquo;il apporte de la richesse et qu&rsquo;il n&rsquo;annihile pas tout contr\u00f4le. D&rsquo;avance, je me r\u00e9jouis de partager mes strat\u00e9gies et analyses avec vous !\u00a0\u00bb<\/p>\n<\/div><\/div>\n\n\n\n<p>Merci les amis. Je vous autorise \u00e0 retourner \u00e0 vos jeux.<\/p>\n\n\n\n<p>Voil\u00e0, vous connaissez d\u00e9sormais Sinatrash et K&rsquo;euroline. Vous aurez souvent l&rsquo;occasion de les croiser dans la caverne. Leurs points de vue souvent incompatibles vous aideront \u00e0 prendre position dans la d\u00e9couverte d&rsquo;un jeu. Rassurez-vous, ils ne sont toutefois pas du genre \u00e0 monopoliser la parole. Il ne manquerait d&rsquo;ailleurs plus que \u00e7a, car il s&rsquo;agit de mon site. Non mais !<\/p>\n\n\n\n<p>Maintenant que vous connaissez ces deux oiseaux, j&rsquo;ai le regret de vous pr\u00e9senter un dernier personnage que vous n&rsquo;aimerez probablement pas : <strong>Trauman<\/strong>.<\/p>\n\n\n\n<figure class=\"wp-block-image size-full is-resized\"><img loading=\"lazy\" decoding=\"async\" src=\"http:\/\/le-chat-solitaire.com\/wp-content\/uploads\/2021\/08\/Trauman-new2.jpg\" alt=\"\" class=\"wp-image-399\" width=\"343\" height=\"264\" srcset=\"https:\/\/le-chat-solitaire.com\/wp-content\/uploads\/2021\/08\/Trauman-new2.jpg 700w, https:\/\/le-chat-solitaire.com\/wp-content\/uploads\/2021\/08\/Trauman-new2-300x231.jpg 300w\" sizes=\"auto, (max-width: 343px) 100vw, 343px\" \/><\/figure>\n\n\n\n<p>Trauman est un curieux chauffeur de corbillard qui ne parle jamais et dont personne n&rsquo;appr\u00e9cie la venue, car elle annonce \u00e0 tous les coups une mauvaise nouvelle.<\/p>\n\n\n\n<p>R\u00e8gles mal traduites ? Nombreuses errata dans le jeu ? Figurines tordues ? Trauman se fera un grand plaisir de vous le faire savoir, m\u00eame si c&rsquo;est \u00e0 moi qu&rsquo;il laissera le soin de fournir les explications. <\/p>\n\n\n\n<p>Avec un peu de chance, nous nous ne le verrons pas trop souvent.<\/p>\n\n\n\n<p>Vous connaissez maintenant les diff\u00e9rents personnages. Passons donc \u00e0 la suite.<\/p>\n\n\n\n<p class=\"has-large-font-size\"><strong>Les diff\u00e9rentes sections<\/strong><\/p>\n\n\n\n<p>Aussi appel\u00e9es cavernes (oui, il y a plusieurs cavernes dans ma caverne), les sections m&rsquo;\u00e9vitent d&#8217;empiler tout mon bazar et de vivre dans un vrai d\u00e9sordre. Certes, je suis un chat et je me faufile partout, mais je dois aussi penser \u00e0 mes visiteurs et leur faire honneur.<\/p>\n\n\n\n<p>Voici donc les sections :<\/p>\n\n\n\n<p><\/p>\n\n\n\n<h2 class=\"has-accent-color has-text-color wp-block-heading\">Critiques de jeux<\/h2>\n\n\n\n<p>A titre personnel, c&rsquo;est souvent ce qui m&rsquo;int\u00e9resse le plus sur les autres sites. Vous trouverez dans cette caverne des retours sur diff\u00e9rents jeux.<\/p>\n\n\n\n<p>Une critique consiste en un long texte entrecoup\u00e9 d&rsquo;images, des commentaires de Sinatrash et K&rsquo;euroline et d&rsquo;\u00e9ventuels passages de Trauman.<\/p>\n\n\n\n<p>Les critiques poss\u00e8dent une conclusion similaire. On peut y d\u00e9couvrir :<\/p>\n\n\n\n<p>1 : L&rsquo;avis et la note (X\/20) de Sinatrash. <\/p>\n\n\n\n<p>2 : L&rsquo;avis et la note (X\/20) de K&rsquo;euroline. <\/p>\n\n\n\n<p>3 : L&rsquo;avis et la note (X\/20) sur le mode ou la configuration solo du jeu<\/p>\n\n\n\n<p>4 : L&rsquo;appr\u00e9ciation personnelle du chat, c&rsquo;est-\u00e0-dire moi, sur 5 \u00e9toiles.<\/p>\n\n\n\n<p>Tous les commentaires seront les bienvenus, du moment qu&rsquo;ils sont respectueux et ne transgressent pas les limites de la libert\u00e9 d&rsquo;expression.<\/p>\n\n\n\n<div class=\"wp-block-media-text alignwide is-stacked-on-mobile\" style=\"grid-template-columns:15% auto\"><figure class=\"wp-block-media-text__media\"><img loading=\"lazy\" decoding=\"async\" width=\"494\" height=\"660\" src=\"http:\/\/le-chat-solitaire.com\/wp-content\/uploads\/2021\/08\/Sinatrash.jpg\" alt=\"\" class=\"wp-image-225 size-full\" srcset=\"https:\/\/le-chat-solitaire.com\/wp-content\/uploads\/2021\/08\/Sinatrash.jpg 494w, https:\/\/le-chat-solitaire.com\/wp-content\/uploads\/2021\/08\/Sinatrash-225x300.jpg 225w\" sizes=\"auto, (max-width: 494px) 100vw, 494px\" \/><\/figure><div class=\"wp-block-media-text__content\">\n<p class=\"has-text-color has-medium-font-size\" style=\"color:#0392cf\">\u00ab\u00a0Ceux et celles qui aiment les jeux Ameritrash auront tout int\u00e9r\u00eat \u00e0 prendre en compte mes avis plut\u00f4t que ceux de K&rsquo;euroline. Moi, je mets des bonnes notes aux jeux qui nous immergent, o\u00f9 l&rsquo;on tremble d&rsquo;excitation avant de jeter les d\u00e9s, o\u00f9 l&rsquo;on se bat contre des monstres \u00e9normes et o\u00f9 l&rsquo;on r\u00e9colte des pi\u00e8ces d&rsquo;or \u00e0 n&rsquo;en plus finir. Ah, et si le mat\u00e9riel en jette, \u00e7a sera un bonus direct \u00e0 la note !\u00a0\u00bb<\/p>\n<\/div><\/div>\n\n\n\n<div class=\"wp-block-media-text alignwide has-media-on-the-right is-stacked-on-mobile\" style=\"grid-template-columns:auto 15%\"><figure class=\"wp-block-media-text__media\"><img loading=\"lazy\" decoding=\"async\" width=\"494\" height=\"660\" src=\"http:\/\/le-chat-solitaire.com\/wp-content\/uploads\/2021\/08\/Keuroline.jpg\" alt=\"\" class=\"wp-image-256 size-full\" srcset=\"https:\/\/le-chat-solitaire.com\/wp-content\/uploads\/2021\/08\/Keuroline.jpg 494w, https:\/\/le-chat-solitaire.com\/wp-content\/uploads\/2021\/08\/Keuroline-225x300.jpg 225w\" sizes=\"auto, (max-width: 494px) 100vw, 494px\" \/><\/figure><div class=\"wp-block-media-text__content\">\n<p class=\"has-text-color has-medium-font-size\" style=\"color:#d9050c\">\u00ab\u00a0Quant \u00e0 lui, mon avis vous permettra de mieux cerner la profondeur d&rsquo;un jeu. Bien que mon int\u00e9r\u00eat penche pour les jeux de l&rsquo;\u00e9cole europ\u00e9enne, je donne leur chance \u00e0 chacun, sans distinction. Mais si tout n&rsquo;est question de chance, mon verdict risque de s&rsquo;en faire ressentir.\u00a0\u00bb<\/p>\n<\/div><\/div>\n\n\n\n<p><\/p>\n\n\n\n<h2 class=\"has-header-gradient-color has-text-color wp-block-heading\">Aide &amp; Strat\u00e9gie<\/h2>\n\n\n\n<p>Ici figurent les articles destin\u00e9s \u00e0 venir en aide \u00e0 ceux et celles \u00e9prouvant des difficult\u00e9s sur un jeu.<\/p>\n\n\n\n<p>Je n&rsquo;affirme aucunement \u00eatre un strat\u00e8ge dans l&rsquo;\u00e2me mais mon exp\u00e9rience pourra se faire utile. <\/p>\n\n\n\n<p>En tout cas, K&rsquo;euroline se fera une joie de m&rsquo;assister dans cette section.<\/p>\n\n\n\n<p>Mais la parole ne nous sera pas seulement donn\u00e9e : vos conseils et informations seront appr\u00e9ci\u00e9s par la communaut\u00e9 enti\u00e8re !<\/p>\n\n\n\n<p><\/p>\n\n\n\n<h2 class=\"has-text-color wp-block-heading\" style=\"color:#55cafc\">Tops de jeux<\/h2>\n\n\n\n<p>Les fameux tops, ces sujets qui \u00e9veillent \u00e0 tous les coups notre curiosit\u00e9. Eh bien cette caverne en propose \u00e9galement, quel qu&rsquo;en soit le th\u00e8me.<\/p>\n\n\n\n<p><\/p>\n\n\n\n<h2 class=\"has-text-color wp-block-heading\" style=\"color:#e77912\">Articles divers<\/h2>\n\n\n\n<p>Cette caverne contient \u00e0 peu pr\u00e8s tout ce qui parle de jeux mais qui n&rsquo;ont pas leur place dans les cat\u00e9gories du dessus.<\/p>\n\n\n\n<p><\/p>\n\n\n\n<p><\/p>\n\n\n\n<p>Voil\u00e0, vous connaissez \u00e0 pr\u00e9sent le fonctionnement du site. Il ne me reste plus qu&rsquo;\u00e0 vous souhaiter une bonne visite !<\/p>\n","protected":false},"excerpt":{"rendered":"<p>Bonjour \u00e0 toutes et \u00e0 tous, et, si cela n&rsquo;a pas d\u00e9j\u00e0 \u00e9t\u00e9 fait, bienvenue dans la caverne du chat solitaire ! Ici, on parle de jeux. Mais pas de n&rsquo;importe quels jeux : on parle de jeux de plateau. Mais pas de n&rsquo;importe quels jeux de plateau : on [&hellip;]<\/p>\n","protected":false},"author":1,"featured_media":0,"parent":0,"menu_order":0,"comment_status":"closed","ping_status":"closed","template":"","meta":{"_monsterinsights_skip_tracking":false,"_monsterinsights_sitenote_active":false,"_monsterinsights_sitenote_note":"","_monsterinsights_sitenote_category":0,"footnotes":""},"class_list":["post-171","page","type-page","status-publish","hentry"],"aioseo_notices":[],"_links":{"self":[{"href":"https:\/\/le-chat-solitaire.com\/index.php\/wp-json\/wp\/v2\/pages\/171","targetHints":{"allow":["GET"]}}],"collection":[{"href":"https:\/\/le-chat-solitaire.com\/index.php\/wp-json\/wp\/v2\/pages"}],"about":[{"href":"https:\/\/le-chat-solitaire.com\/index.php\/wp-json\/wp\/v2\/types\/page"}],"author":[{"embeddable":true,"href":"https:\/\/le-chat-solitaire.com\/index.php\/wp-json\/wp\/v2\/users\/1"}],"replies":[{"embeddable":true,"href":"https:\/\/le-chat-solitaire.com\/index.php\/wp-json\/wp\/v2\/comments?post=171"}],"version-history":[{"count":17,"href":"https:\/\/le-chat-solitaire.com\/index.php\/wp-json\/wp\/v2\/pages\/171\/revisions"}],"predecessor-version":[{"id":452,"href":"https:\/\/le-chat-solitaire.com\/index.php\/wp-json\/wp\/v2\/pages\/171\/revisions\/452"}],"wp:attachment":[{"href":"https:\/\/le-chat-solitaire.com\/index.php\/wp-json\/wp\/v2\/media?parent=171"}],"curies":[{"name":"wp","href":"https:\/\/api.w.org\/{rel}","templated":true}]}}