{"id":1426,"date":"2022-05-20T17:21:02","date_gmt":"2022-05-20T15:21:02","guid":{"rendered":"https:\/\/le-chat-solitaire.com\/?page_id=1426"},"modified":"2022-05-20T17:31:15","modified_gmt":"2022-05-20T15:31:15","slug":"jeu-de-role-en-solo","status":"publish","type":"page","link":"https:\/\/le-chat-solitaire.com\/index.php\/jeu-de-role-en-solo\/","title":{"rendered":"Jeu de r\u00f4le en solo"},"content":{"rendered":"\n<p>Si on peut jouer \u00e0 des jeux de plateau en solo, on doit bien pouvoir faire du jeu de r\u00f4le en solo, non ?<\/p>\n\n\n\n<p>Cette section a pour vocation d&rsquo;explorer le jeu de r\u00f4le en solitaire, c&rsquo;est-\u00e0-dire sans meneur de jeu&#8230; et sans amis !<\/p>\n\n\n\n<p>Bien qu&rsquo;encore moqu\u00e9e et discr\u00e9dit\u00e9e, la pratique a su toucher un certain public, au point de voire na\u00eetre des articles, des vid\u00e9os et m\u00eame des livres \u00e0 son sujet !<\/p>\n","protected":false},"excerpt":{"rendered":"<p>Si on peut jouer \u00e0 des jeux de plateau en solo, on doit bien pouvoir faire du jeu de r\u00f4le en solo, non ? Cette section a pour vocation d&rsquo;explorer le jeu de r\u00f4le en solitaire, c&rsquo;est-\u00e0-dire sans meneur de jeu&#8230; et sans amis ! Bien qu&rsquo;encore moqu\u00e9e et discr\u00e9dit\u00e9e, [&hellip;]<\/p>\n","protected":false},"author":1,"featured_media":0,"parent":0,"menu_order":0,"comment_status":"closed","ping_status":"closed","template":"","meta":{"_monsterinsights_skip_tracking":false,"_monsterinsights_sitenote_active":false,"_monsterinsights_sitenote_note":"","_monsterinsights_sitenote_category":0,"footnotes":""},"class_list":["post-1426","page","type-page","status-publish","hentry"],"aioseo_notices":[],"_links":{"self":[{"href":"https:\/\/le-chat-solitaire.com\/index.php\/wp-json\/wp\/v2\/pages\/1426","targetHints":{"allow":["GET"]}}],"collection":[{"href":"https:\/\/le-chat-solitaire.com\/index.php\/wp-json\/wp\/v2\/pages"}],"about":[{"href":"https:\/\/le-chat-solitaire.com\/index.php\/wp-json\/wp\/v2\/types\/page"}],"author":[{"embeddable":true,"href":"https:\/\/le-chat-solitaire.com\/index.php\/wp-json\/wp\/v2\/users\/1"}],"replies":[{"embeddable":true,"href":"https:\/\/le-chat-solitaire.com\/index.php\/wp-json\/wp\/v2\/comments?post=1426"}],"version-history":[{"count":2,"href":"https:\/\/le-chat-solitaire.com\/index.php\/wp-json\/wp\/v2\/pages\/1426\/revisions"}],"predecessor-version":[{"id":1432,"href":"https:\/\/le-chat-solitaire.com\/index.php\/wp-json\/wp\/v2\/pages\/1426\/revisions\/1432"}],"wp:attachment":[{"href":"https:\/\/le-chat-solitaire.com\/index.php\/wp-json\/wp\/v2\/media?parent=1426"}],"curies":[{"name":"wp","href":"https:\/\/api.w.org\/{rel}","templated":true}]}}